{"id":2,"date":"2026-02-23T10:11:53","date_gmt":"2026-02-23T08:11:53","guid":{"rendered":"\/?page_id=2"},"modified":"2026-05-01T09:55:35","modified_gmt":"2026-05-01T07:55:35","slug":"beispiel-seite","status":"publish","type":"page","link":"https:\/\/www.buckelwalhope.de\/?page_id=2","title":{"rendered":"\u00dcber die Geschehnisse vom Ostseewal"},"content":{"rendered":"\n<figure class=\"wp-block-image size-large\"><img loading=\"lazy\" decoding=\"async\" width=\"1024\" height=\"714\" src=\"https:\/\/www.buckelwalhope.de\/wp-content\/uploads\/2026\/05\/9339-1024x714.jpg\" alt=\"\" class=\"wp-image-8\" srcset=\"https:\/\/www.buckelwalhope.de\/wp-content\/uploads\/2026\/05\/9339-1024x714.jpg 1024w, https:\/\/www.buckelwalhope.de\/wp-content\/uploads\/2026\/05\/9339-300x209.jpg 300w, https:\/\/www.buckelwalhope.de\/wp-content\/uploads\/2026\/05\/9339-768x536.jpg 768w, https:\/\/www.buckelwalhope.de\/wp-content\/uploads\/2026\/05\/9339-1536x1072.jpg 1536w, https:\/\/www.buckelwalhope.de\/wp-content\/uploads\/2026\/05\/9339-2048x1429.jpg 2048w\" sizes=\"auto, (max-width: 1024px) 100vw, 1024px\" \/><figcaption class=\"wp-element-caption\">Vor der K\u00fcste Ecuadors springt ein Buckelwal aus dem Wasser. Das rekonstruierte Modell eines Buckelwals begr\u00fc\u00dft die Besucher bei der Ausstellung \u00abPlanet Ozean\u00bb im Gasometer Oberhausen, die am Freitag er\u00f6ffnet wird. (zu dpa: \u00abUnbekannte Tiefsee: Ausstellung \u00abPlanet Ozean\u00bb im Gasometer Oberhausen\u00bb) +++ dpa-Bildfunk +++<\/figcaption><\/figure>\n\n\n\n<p>Das ist ein gesundes Exemplar eines lebendigen Buckelwals. Unser Buckelwal Hope , war nicht ganz normal wenn man das mal so sagen darf er lebte auf Abwegen von seinem nat\u00fcrlichen Ressourcen. Und wir sind an den Geschehnissen die seit 40 Tagen inklusive der aktuellen Auswilderung passieren alle mit verantwortlich. Das muss in Zukunft ge\u00e4ndert werden. Dazu steht dieses Projekt auch mit einer Stiftung Buckelwalhope &#8222;Freiheit , Gerechtigkeit, Schutz f\u00fcr Buckelwale &#8220; . <\/p>\n\n\n\n<p><\/p>\n","protected":false},"excerpt":{"rendered":"<p>Das ist ein gesundes Exemplar eines lebendigen Buckelwals. Unser Buckelwal Hope , war nicht ganz normal wenn man das mal so sagen darf er lebte auf Abwegen von seinem nat\u00fcrlichen Ressourcen. Und wir sind an den Geschehnissen die seit 40 Tagen inklusive der aktuellen Auswilderung passieren alle mit verantwortlich. Das muss in Zukunft ge\u00e4ndert werden. [&hellip;]<\/p>\n","protected":false},"author":1,"featured_media":0,"parent":0,"menu_order":0,"comment_status":"closed","ping_status":"open","template":"","meta":{"footnotes":""},"class_list":["post-2","page","type-page","status-publish","hentry"],"_links":{"self":[{"href":"https:\/\/www.buckelwalhope.de\/index.php?rest_route=\/wp\/v2\/pages\/2","targetHints":{"allow":["GET"]}}],"collection":[{"href":"https:\/\/www.buckelwalhope.de\/index.php?rest_route=\/wp\/v2\/pages"}],"about":[{"href":"https:\/\/www.buckelwalhope.de\/index.php?rest_route=\/wp\/v2\/types\/page"}],"author":[{"embeddable":true,"href":"https:\/\/www.buckelwalhope.de\/index.php?rest_route=\/wp\/v2\/users\/1"}],"replies":[{"embeddable":true,"href":"https:\/\/www.buckelwalhope.de\/index.php?rest_route=%2Fwp%2Fv2%2Fcomments&post=2"}],"version-history":[{"count":2,"href":"https:\/\/www.buckelwalhope.de\/index.php?rest_route=\/wp\/v2\/pages\/2\/revisions"}],"predecessor-version":[{"id":9,"href":"https:\/\/www.buckelwalhope.de\/index.php?rest_route=\/wp\/v2\/pages\/2\/revisions\/9"}],"wp:attachment":[{"href":"https:\/\/www.buckelwalhope.de\/index.php?rest_route=%2Fwp%2Fv2%2Fmedia&parent=2"}],"curies":[{"name":"wp","href":"https:\/\/api.w.org\/{rel}","templated":true}]}}